03?
True
Is 2233897 a multiple of 73?
False
Is 42 a factor of 515990?
False
Does 274 divide 1626738?
True
Is 53 a factor of 1561645?
True
Is 2914970 a multiple of 49?
False
Does 100 divide 2181598?
False
Is 100082 a multiple of 110?
False
Is 165 a factor of 5090085?
True
Does 422 divide 397102?
True
Does 210 divide 280798?
False
Is 29778 a multiple of 21?
True
Is 14 a factor of 1102246?
False
Is 3 a factor of 5565?
True
Is 8065205 a multiple of 18?
False
Does 122 divide 611863?
False
Does 57 divide 35112?
True
Is 483436 a multiple of 11?
False
Is 10 a factor of 21040?
True
Does 79 divide 16356?
False
Does 1231 divide 6468075?
False
Is 1532538 a multiple of 21?
True
Is 5 a factor of 88929?
False
Is 16 a factor of 134189?
False
Does 91 divide 2864256?
False
Does 22 divide 4223934?
True
Does 15 divide 138811?
False
Is 12208 a multiple of 7?
True
Is 1771540 a multiple of 404?
True
Does 167 divide 2086498?
True
Does 31 divide 635040?
False
Is 172159 a multiple of 9?
False
Is 20744467 a multiple of 516?
False
Is 20 a factor of 591040?
True
Is 10438 a multiple of 7?
False
Does 242 divide 106331?
False
Is 3 a factor of 138295?
False
Does 346 divide 1494215?
False
Does 997 divide 1862841?
False
Does 16 divide 12117456?
True
Does 10 divide 30480?
True
Is 233 a factor of 252418?
False
Is 10 a factor of 105030?
True
Is 89001 a multiple of 93?
True
Does 20 divide 5689988?
False
Does 3 divide 638901?
True
Is 15 a factor of 195059?
False
Is 84847 a multiple of 215?
False
Is 10855375 a multiple of 2375?
False
Does 36 divide 1961016?
False
Is 300780 a multiple of 270?
True
Is 1049868 a multiple of 11?
False
Is 4917186 a multiple of 239?
True
Is 497 a factor of 537329?
False
Is 580 a factor of 603010?
False
Is 34 a factor of 200226?
True
Is 342 a factor of 498978?
True
Is 717 a factor of 1932315?
True
Is 384 a factor of 334080?
True
Is 457368 a multiple of 24?
True
Is 11047816 a multiple of 26?
True
Is 55 a factor of 13708?
False
Is 45466 even?
True
Is 3977715 a multiple of 105?
True
Is 21 a factor of 5029478?
False
Does 60 divide 320202?
False
Is 8 a factor of 149632?
True
Is 700035 a multiple of 3?
True
Does 17 divide 559351?
True
Is 2880588 a multiple of 6?
True
Does 33 divide 846590?
False
Is 6 a factor of 16768?
False
Is 94 a factor of 2366450?
True
Is 30 a factor of 4174920?
True
Does 115 divide 10901885?
True
Is 135 a factor of 104757?
False
Is 165476 a multiple of 202?
False
Does 280 divide 654360?
True
Is 717702 a multiple of 17?
False
Is 1945385 a multiple of 21?
False
Is 337 a factor of 3085909?
True
Does 19 divide 16992067?
False
Is 39304 a multiple of 34?
True
Is 397 a factor of 296162?
True
Is 685 a factor of 1747435?
True
Does 23 divide 76935?
True
Is 82508 a multiple of 504?
False
Is 5 a factor of 178875?
True
Does 523 divide 225559?
False
Does 336 divide 101808?
True
Does 160 divide 35520?
True
Is 1085722 a multiple of 34?
True
Is 47 a factor of 1124821?
False
Is 28 a factor of 85288?
True
Is 394391 a multiple of 309?
False
Is 24 a factor of 3744240?
True
Is 14 a factor of 268181?
False
Does 7 divide 1126076?
True
Is 356450 even?
True
Does 11 divide 670868?
True
Does 18 divide 717076?
False
Is 3 a factor of 189105?
True
Is 46 a factor of 3768?
False
Does 10 divide 440662?
False
Is 247520 a multiple of 238?
True
Is 77 a factor of 13406522?
False
Is 43 a factor of 2303553?
True
Is 2857751 a multiple of 193?
True
Does 10 divide 1167710?
True
Is 2231848 a multiple of 1017?
False
Is 33070590 a multiple of 70?
True
Does 894 divide 10362354?
True
Is 281 a factor of 1018522?
False
Is 136197 a multiple of 9?
True
Does 7 divide 130733?
False
Is 658 a factor of 4026302?
True
Is 283 a factor of 583823?
False
Does 11 divide 8560925?
False
Does 26 divide 397098?
True
Is 297 a factor of 108405?
True
Is 27 a factor of 1768777?
False
Is 1233 a factor of 1982365?
False
Does 146 divide 15060484?
True
Is 208 a factor of 256885?
False
Does 21 divide 135261?
True
Is 5 a factor of 495300?
True
Is 447948 a multiple of 207?
True
Does 8 divide 3911824?
True
Is 40619 a multiple of 105?
False
Is 137 a factor of 2183369?
True
Is 147 a factor of 451731?
True
Is 134 a factor of 1006560?
False
Does 65 divide 490295?
True
Is 125 a factor of 6377919?
False
Does 197 divide 29747?
True
Is 814927 a multiple of 33?
False
Is 23 a factor of 23182?
False
Does 22 divide 12219?
False
Is 27 a factor of 74402?
False
Does 27 divide 68014?
False
Is 215813 a multiple of 7?
False
Does 19 divide 48963?
True
Is 5423799 a multiple of 482?
False
Is 5157664 a multiple of 544?
True
Does 141 divide 381477?
False
Does 42 divide 360889?
False
Is 68 a factor of 58344?
True
Does 313 divide 3073493?
False
Does 18 divide 211168?
False
Does 91 divide 455174?
False
Does 7 divide 40270?
False
Is 284 a factor of 65919?
False
Is 7 a factor of 147168?
True
Does 471 divide 2964003?
True
Is 2990023 a multiple of 28?
False
Does 3 divide 65661?
True
Is 15 a factor of 807270?
True
Does 457 divide 20168324?
True
Does 22 divide 758362?
True
Is 77586 a multiple of 402?
True
Is 8 a factor of 1497432?
True
Does 80 divide 2785238?
False
Is 78100 a multiple of 55?
True
Is 1401683 a multiple of 2?
False
Is 1667831 a multiple of 67?
True
Does 260 divide 826540?
True
Is 8 a factor of 456?
True
Is 2264810 a multiple of 430?
True
Does 158 divide 4407252?
True
Is 10330600 a multiple of 157?
True
Is 213 a factor of 243013?
False
Is 27 a factor of 100779?
False
Is 289570 a multiple of 540?
False
Is 59 a factor of 11096?
False
Is 3298055 a multiple of 190?
False
Does 25 divide 28100?
True
Does 324 divide 626940?
True
Is 338 a factor of 3783910?
True
Does 8 divide 26338?
False
Is 967005 a multiple of 117?
True
Is 430 a factor of 1083321?
False
Does 57 divide 624036?
True
Is 49 a factor of 132398?
True
Is 112917 a multiple of 283?
True
Is 466928 a multiple of 14?
True
Is 22886442 a multiple of 183?
False
Does 447 divide 264624?
True
Is 220 a factor of 365640?
True
Is 289 a factor of 41905?
True
Is 32 a factor of 5688544?
True
Is 76575 a multiple of 92?
False
Is 292054 a multiple of 14?
True
Is 5548473 a multiple of 651?
True
Does 341 divide 1327854?
True
Does 12 divide 2866608?
True
Does 10 divide 7106340?
True
Does 23 divide 37398?
True
Is 94 a factor of 1859132?
True
Does 46 divide 7910?
False
Is 70649 even?
False
Is 16 a factor of 5628656?
True
Is 507776 a multiple of 63?
False
Does 55 divide 119544?
False
Is 608 a factor of 11384756?
False
Is 17 a factor of 638618?
False
Does 19 divide 2398560?
True
Is 14 a factor of 1441118?
True
Is 40 a factor of 107465?
False
Is 21 a factor of 778612?
False
Is 5918819 a multiple of 71?
False
Is 38 a factor of 2808026?
False
Is 57 a factor of 1325136?
True
Is 8 a factor of 125531?
False
Does 13 divide 182299?
True
Is 5 a factor of 62365?
True
Is 11 a factor of 2255682?
True
Is 5768564 a multiple of 9?
False
Is 1158739 a multiple of 15?
False
Is 39 a factor of 43275?
False
Is 39 a factor of 3003?
True
Is 741 a factor of 320545?
False
Is 8007297 a multiple of 31?
False
Is 11582868 a multiple of 4?
True
Does 65 divide 13844223?
False
Does 95 divide 88068?
False
Is 26 a factor of 4093191?
False
Does 3 divide 118776?
True
Is 235245 a multiple of 6?
False
Does 66 divide 245?
False
Does 6 divide 19746305?
False
Is 431 a multiple of 7?
False
Does 15 divide 41925?
True
Is 13 a factor of 25870?
True
Does 86 divide 1489843?
False
Is 995728 a multiple of 317?
False
Is 38 a factor of 2452824?
True
Does 1010 divide 16567369?
False
Is 532 a factor of 5366649?
False
Is 1828056 a multiple of 472?
True
Is 48 a factor of 3276096?
True
Is 246705 a multiple of 15?
True
Is 219 a factor of 844902?
True
Is 304 a factor of 595840?
True
Is 753328 a multiple of 4?
True
Is 9 a factor of 3487?
False
Is 22 a factor of 908666?
True
Does 2 divide 1393709?
False
Is 9 a factor of 416092?
False
Is 2062582 a multiple of 22?
False
Is 64927 a multiple of 105?
False
Is 13 a factor of 780147?
False
Is 167924 a multiple of 34?
False
Does 864 divide 4438368?
True
Does 34 divide 176650?
False
Does 25 divide 201100?
True
Does 128 divide 4214053?
False
Does 72 divide 111489?
False
Is 750 a factor of 6892926?
False
Is 33 a factor of 535143?
False
Does 29 divide 473193?
True
Does 22 divide 125735?
False
Is 172068 a multiple of 23?
Fals